{"id":492,"date":"2017-01-25T12:35:29","date_gmt":"2017-01-25T11:35:29","guid":{"rendered":"http:\/\/www.planetharmonica.com\/NextGen\/?page_id=492"},"modified":"2017-03-19T20:41:21","modified_gmt":"2017-03-19T19:41:21","slug":"interview-christophe-minier-harmonicas-sur-cher-eng","status":"publish","type":"page","link":"https:\/\/www.planetharmonica.com\/NextGen\/en\/interviews-eng\/interview-christophe-minier-harmonicas-sur-cher-eng\/","title":{"rendered":"Interview Christophe Minier: Harmonicas sur Cher"},"content":{"rendered":"<p>&nbsp;<\/p>\n<p>As you probably know, the \u00a0<em><strong><a href=\"http:\/\/www.harmonicasurcher.com\/fr\/\" target=\"_blank\">Harmonicas sur Cher Festival<\/a>\u00a0<\/strong><\/em>will take place in Saint-Aignan -Sur-Cher, France, from the 25th to the 27th may, 2017. Planet Harmonica takes this opportunity to interview Christophe Minier on the history and organisation of this festival, occurring every two years.<\/p>\n<p>Chat with a committed enthusiast.<\/p>\n<p><strong>As the organiser of the only harmonica festival in France, please tell us how long this festival has gone on now, and how did you decide to create it ?<\/strong><\/p>\n<p>The Harmonicas Sur Cher festival was created in may 2003. Initially, I intended to call it \u00ab\u00a0Harmonica Sur Terre\u00a0\u00bb (\u00ab\u00a0Harmonica on Earth\u00a0\u00bb), but some buddies of mine told me it sounded a bit megalomaniac. And it seemed to me that \u00ab\u00a0Sur Cher\u00a0\u00bb (meaning \u00ab\u00a0on the river Cher\u00a0\u00bb) would probably better show how the festival was close to our land, since we all live in Saint-Aignan-Sur-Cher, in the Cher valley, in the \u00ab\u00a0Loir et Cher\u00a0\u00bb region !<\/p>\n<p>Eventually, I agreed to change the name of the festival although I feel more like I&rsquo;m a citizen of the world rather than someone definitely stuck in my own small town.<\/p>\n<p>To go back to the beginning of the story : two years before the first festival, I had organized a gig in a bar called Le Chiquito, in Noyers-Sur-Cher, with three bands, each of them lining up a harmonica player. There were a jazz band, a blues band and a rock band. Julien Cormier played with the Kevin Texas Band, I played both with Metal (the rock band) and with the jazz workshop of the Association Mediator. We had about thirty people in the audience, the gigs were really nice, and I guess this is clearly this event that led me to think about setting up a festival.<\/p>\n<p>The following year, I organized another gig in the same village, but now at the community hall, with Julien Cormier&rsquo;s band (\u00ab\u00a0Little Bad Monkey\u00a0\u00bb), featuring Beno\u00eet Felten on harp (by the way, Beno\u00eet is the founder of Planet Harmonica magazine) and Patrice Champaroux on the guitar. Believe me or not, I also got in touch with Jean-Jacques Milteau and asked him to headline at the festival. I was quite an amateur organiser at the time, and Jean-Jacques kindly referred me to the young and brilliant Greg Szlapczynski (and his quintet), who used to compose so many stunning melodies.<\/p>\n<p>The gig was a great success, and many were turned away for lack of space. I called the event \u00ab\u00a0Harmonic&rsquo;all\u00a0\u00bb (= all harmonicas). But, at the time, I didn&rsquo;t know there was another festival in Condat, France, called \u00ab\u00a0Les Harmonicales\u00a0\u00bb. Laurent Cagnon suggested me to find another name in order to avoid any confusion, and I came up with \u00ab\u00a0Harmonicas Sur Cher\u00a0\u00bb.<\/p>\n<figure id=\"attachment_364\" aria-describedby=\"caption-attachment-364\" style=\"width: 455px\" class=\"wp-caption alignleft\"><img loading=\"lazy\" class=\"wp-image-364 \" title=\"Christophe Minier, (c) Jonathan Daitch\" src=\"http:\/\/www.planetharmonica.com\/NextGen\/wp-content\/uploads\/2017\/01\/ChristopheMinier-par-JonathanDaitch.jpeg\" width=\"455\" height=\"446\" \/><figcaption id=\"caption-attachment-364\" class=\"wp-caption-text\">Christophe Minier, (c) Jonathan Daitch<\/figcaption><\/figure>\n<p>The first attempt was so\u00a0 successful and rewarding that I decided to take a step forward by organizing a true festival, over two days, in a bigger venue. On the first year, the festival took place on the 1rst of may week-end, then, in 2004, on a three day bank holiday at the end of may : three days full of gigs (Thursday, Friday and Saturday), saving Sunday to ground, and go back home. Indeed, the issue is this bank holiday week-end occurs every year, but not on the same dates every year, which is a bit tricky.<\/p>\n<p>Even if I&rsquo;m the founder of the festival, I&rsquo;ve been strongly supported over the time to make this festival happen.<\/p>\n<p>Notably, I&rsquo;d like to highlight the Association Mediator founded by Simon Tardieu, a young, energizing and versatile person, who taught me jazz and event organisation and management. Thanks to this association, I also met people who became key members of the team over the time and who fully supported me and gave me strength when I was tired and about to give up. They are really key to the success of this festival.<\/p>\n<p><strong>How would you describe your festival compared to others worldwide ?<\/strong><\/p>\n<p>Unfortunately, I don&rsquo;t know all the harmonica festivals in the world. I knew the Harmonicales in Condat and Harmoli\u00e8ge in Belgium, but sadly they\u00a0 had to given up.<\/p>\n<p>I went to the Bristol festival once, in England.<\/p>\n<p>I never attended the Trossingen festival or any other one. Of course, artists who play in different festivals usually give me some insight and their feedback concerning ours is generally very positive (all hypocrites ! :-)).<\/p>\n<p>As far as Harmonicas Sur Cher is concerned, the goal is crystal clear : I want to get\u00a0 good and nice gigs and plenty of happy people. People I&rsquo;m talking about are the audience, the artists, our staff, including myself !<\/p>\n<p>We are lucky enough to get public grants so that we can stay independent (grants from the city of Saint-Aignan-sur-Cher, the urban community of Val de Cher &#8211; Controis, the Loire et Cher county council and the Centre region). This is very important to me. I&rsquo;ve already been offered to relocate the festival in a bigger town, to get bigger venues and sell more tickets ! I don&rsquo;t give a shit. I just want to stay in my valley and make positive stuff.<\/p>\n<p>I also remember a guy who came to me saying he had boosted a festival in southern France, increasing the audience by thousands&#8230;I wonder where we could cram all these people&#8230; On top of that, a bigger organisation is way more difficult to manage. It&rsquo;s definitely not my thing ! What I like in this stuff is meeting people face to face, and have fun !<\/p>\n<p><strong>How do people interact with each other when the festival is running (inhabitants, artists, festival-goers..) ?<\/strong><\/p>\n<p>So far so good ! Inhabitants really love the mood of the festival. They say the festival-goers are nice, quiet and joyful. On their side, festival-goers say the villagers are welcoming and friendly, that the village is beautiful and very pleasant.\u00a0Welcome to La La Land ! \ud83d\ude42<\/p>\n<p>This is very positive anyway, because our village sometimes looks like a ghost-town, where nothing happens and suddenly these aliens come in and tell us it&rsquo;s wrong ! It&rsquo;s true this small town really wakes up during the festival and believe me I would like it to be that way all along the year, for sure !<\/p>\n<p>I have to emphasize how supportive the elected representatives are, they like our association very much, we provide a nice event and the three mayors, each in their turn, also gave us a strong support.<\/p>\n<p>Artists gave us a hand too, as Paul Lassey for example, who composed a piece called \u00ab\u00a0Saint Aignan\u00a0\u00bb. Also Thierry Crommen, who took some pics of him and his musicians in the streets of the city and used them for completing one of his album artwork. I also remember a very funny Lucas Rocher\u2019s video. Some artists became good friends over the time, like Michel Herblin, JJ Milteau or Dam Dekwak, and many others, who almost became family members.<\/p>\n<figure id=\"attachment_365\" aria-describedby=\"caption-attachment-365\" style=\"width: 800px\" class=\"wp-caption alignnone\"><img loading=\"lazy\" class=\"wp-image-365\" src=\"http:\/\/www.planetharmonica.com\/NextGen\/wp-content\/uploads\/2017\/01\/Tireux2015-Christophe-Le-Toquin.jpeg\" width=\"800\" height=\"365\" srcset=\"https:\/\/www.planetharmonica.com\/NextGen\/wp-content\/uploads\/2017\/01\/Tireux2015-Christophe-Le-Toquin.jpeg 992w, https:\/\/www.planetharmonica.com\/NextGen\/wp-content\/uploads\/2017\/01\/Tireux2015-Christophe-Le-Toquin-300x137.jpeg 300w, https:\/\/www.planetharmonica.com\/NextGen\/wp-content\/uploads\/2017\/01\/Tireux2015-Christophe-Le-Toquin-768x351.jpeg 768w\" sizes=\"(max-width: 800px) 100vw, 800px\" \/><figcaption id=\"caption-attachment-365\" class=\"wp-caption-text\">Tireux d&rsquo;roche, (c) Christophe Le Toquin &#8211; Harmonicas sur Cher 2015<\/figcaption><\/figure>\n<p><strong>How do you choose the bands to perform at the festival ? Is there some kind of expectations in terms of style, or aesthetics ?<\/strong><\/p>\n<p>I actually choose the bands, mostly with the help of Julien Cormier. I also receive lots of proposals, and I stay tuned for anything I can get on the internet. By the way, I miss the former online discussion list we had on \u00ab\u00a0Harmonicaland\u00a0\u00bb (not the online shop which uses the same name, I know this is not prohibited but it is a bit unfair, guys), because it was far simpler and less time consuming than the forums or Facebook (okay, I\u2019m an old fart).<\/p>\n<p>So how do I choose ?<\/p>\n<p>I set up a first list with all the artists that I like, those who asked me if they could play the festival and those I\u2019ve been talked about.<\/p>\n<p>If possible, I try to see the bands live or to chat with some mates who saw them performing.<\/p>\n<p>Then, I draw up a shorter list of about twenty bands. Next, I have a look to musical styles, artist availability, technical stuff and of course budget.<\/p>\n<p>At the end of the day, I come up with a list of about ten artists I finally call to tell them they\u2019re playing the festival, and this is the nicer part of the job ! I also have to call the other ten to tell them they won\u2019t play this year, and this is clearly a nightmare ! If I could, I\u2019d make all my favorite bands play\u2026<\/p>\n<p>And having this festival only every two years make it still more difficult.<\/p>\n<p>Toots never came, maybe Stevie Wonder one of these days\u2026<\/p>\n<p>We\u2019re always looking for eclecticism and quality.<\/p>\n<p>As many people in the festival audience, I like different kind of styles and it\u2019s really nice to have this opportunity to listen to music we don\u2019t usually get to know. We all could vibrate thanks to japanese, african, gipsy and Qu\u00e9bec musics over the time, it felt like we were travelling the world.<\/p>\n<p>As far as quality is concerned, to be honest, some band\u2019s proposals don\u2019t really meet our requirements so I try to make them understand, without hurting anyone, that there\u2019s still some work to deliver before playing the festival. But it\u2019s true there are many very good artists both in France and worldwide.<\/p>\n<p>I\u2019m very curious, and I like to find completely new stuff, and I\u2019ve got lots this year !<\/p>\n<p>I try to get on board honest and generous artists, to help new comers, to see how they\u2019re doing and then to make them play the festival again. I try to avoid boring and nerve-racking guys, but fortunately it\u2019s pretty rare over here.<\/p>\n<p><strong>So, what will be the line-up and the extra events this year ?<\/strong><\/p>\n<p>I really like the programme this year ! Here it is (still in progress), with the web links to artists web pages. Our own website is about to be updated\u00a0(<a href=\"http:\/\/www.harmonicasurcher.com\/\" target=\"_blank\">www.harmonicasurcher.com<\/a>).<\/p>\n<p>Extra events are still in progress too, there will be for sure masterclasses, music flea market, jam sessions, exhibition, maybe harp makers, shops etc.<\/p>\n<p><strong>Programme : 25th to 27th may 2017<\/strong><\/p>\n<p><strong>Thursday 25th may, 2017 :<\/strong><\/p>\n<p>6:00 pm : exhibition preview at La Pr\u00e9v\u00f4t\u00e9, and festival grand opening.<\/p>\n<p>8:00 pm :\u00a0<strong><a href=\"http:\/\/www.jeromepeyrelevade.com\/home-us\" target=\"_blank\">ZANELLA TRIO<\/a><\/strong>\u00a0(Jazz &amp; World Music)<\/p>\n<p>10:00 pm:\u00a0<strong><a href=\"http:\/\/www.coryseznec.com\/\" target=\"_blank\">CORY SEZNEC<\/a><\/strong>\u00a0(Folk-Blues) live at the Salle Des F\u00eates.<\/p>\n<p>12:00 pm : jam session.<\/p>\n<p><em><strong>Vendredi 26 mai 2017<\/strong><\/em><\/p>\n<p>4:30 pm\u00a0:\u00a0<strong><a href=\"http:\/\/ellafoy.fr\/\" target=\"_blank\">ELLA FOY<\/a><\/strong>\u00a0(Folk-Pop) live at La Pr\u00e9v\u00f4t\u00e9<br \/>\n8:00 pm\u00a0:\u00a0<strong><a href=\"http:\/\/www.geraldlaroche.com\/homefr.html\" target=\"_blank\">GERALD LAROCHE<\/a><\/strong>\u00a0(harmonisons) live at the Salle Des F\u00eates.<\/p>\n<p><strong><a href=\"http:\/\/www.geraldlaroche.com\/homefr.html\" target=\"_blank\"><br \/>\n<\/a><\/strong>10:00 pm :\u00a0<strong><a href=\"http:\/\/www.willgalison.com\/\" target=\"_blank\">WILLIAM GALISON &amp; KARIM MAURICE<\/a>\u00a0<\/strong>(Jazz)\u00a0live at the Salle Des F\u00eates.<\/p>\n<p>12:00 pm : jam session.<\/p>\n<p><em><strong>Samedi 27 mai 2017<\/strong><\/em><\/p>\n<p>3:00 pm :\u00a0<a href=\"http:\/\/manubosser.net\/\" target=\"_blank\"><strong>SOUFFLES DU MONDE<\/strong><\/a>\u00a0(Manu Bosser &#8211; harmo voyageur), live show at the cinema<br \/>\n4:30 pm\u00a0:\u00a0<strong>JEAN SABOT &amp; LAURENT LE BOT<\/strong>\u00a0(Trad) live at La Coll\u00e9giale.<br \/>\n6:00 pm\u00a0:\u00a0<strong><a href=\"http:\/\/www.2jsandsee.com\/\" target=\"_blank\">2J&rsquo;s &amp; SEE<\/a><\/strong>\u00a0(Blues), Ormeau Square<br \/>\n8:00 pm :\u00a0\u00a0<strong>LIOUANE\u00a0<\/strong>live at the Salle Des F\u00eates.<\/p>\n<p><strong><br \/>\n<\/strong>10:00 pm :\u00a0<strong><a href=\"http:\/\/mountain-men.fr\/\" target=\"_blank\">MOUNTAIN MEN<\/a><\/strong>\u00a0(Blues)\u00a0live at the Salle Des F\u00eates.<\/p>\n<p>12:00 pm : jam session.<\/p>\n<p><strong>Anything else to add ?<\/strong><\/p>\n<p>Come and have fun with us ! :-))<\/p>\n","protected":false},"excerpt":{"rendered":"<p class=\"text-justify mb-2\" >&nbsp; As you probably know, the \u00a0Harmonicas sur Cher Festival\u00a0will take place in Saint-Aignan -Sur-Cher, France, from the 25th to the 27th may, 2017. Planet Harmonica takes this opportunity to interview Christophe Minier on the history and organisation of this festival, occurring every two years. [&hellip;]<\/p>\n","protected":false},"author":2,"featured_media":0,"parent":831,"menu_order":0,"comment_status":"closed","ping_status":"closed","template":"","meta":[],"_links":{"self":[{"href":"https:\/\/www.planetharmonica.com\/NextGen\/wp-json\/wp\/v2\/pages\/492"}],"collection":[{"href":"https:\/\/www.planetharmonica.com\/NextGen\/wp-json\/wp\/v2\/pages"}],"about":[{"href":"https:\/\/www.planetharmonica.com\/NextGen\/wp-json\/wp\/v2\/types\/page"}],"author":[{"embeddable":true,"href":"https:\/\/www.planetharmonica.com\/NextGen\/wp-json\/wp\/v2\/users\/2"}],"replies":[{"embeddable":true,"href":"https:\/\/www.planetharmonica.com\/NextGen\/wp-json\/wp\/v2\/comments?post=492"}],"version-history":[{"count":9,"href":"https:\/\/www.planetharmonica.com\/NextGen\/wp-json\/wp\/v2\/pages\/492\/revisions"}],"predecessor-version":[{"id":994,"href":"https:\/\/www.planetharmonica.com\/NextGen\/wp-json\/wp\/v2\/pages\/492\/revisions\/994"}],"up":[{"embeddable":true,"href":"https:\/\/www.planetharmonica.com\/NextGen\/wp-json\/wp\/v2\/pages\/831"}],"wp:attachment":[{"href":"https:\/\/www.planetharmonica.com\/NextGen\/wp-json\/wp\/v2\/media?parent=492"}],"curies":[{"name":"wp","href":"https:\/\/api.w.org\/{rel}","templated":true}]}}

<p>&nbsp;</p>
<p>As you probably know, the  <em><strong><a href="http://www.harmonicasurcher.com/fr/" target="_blank">Harmonicas sur Cher Festival</a> </strong></em>will take place in Saint-Aignan -Sur-Cher, France, from the 25th to the 27th may, 2017. Planet Harmonica takes this opportunity to interview Christophe Minier on the history and organisation of this festival, occurring every two years.</p>
<p>Chat with a committed enthusiast.</p>
<p><strong>As the organiser of the only harmonica festival in France, please tell us how long this festival has gone on now, and how did you decide to create it ?</strong></p>
<p>The Harmonicas Sur Cher festival was created in may 2003. Initially, I intended to call it « Harmonica Sur Terre » (« Harmonica on Earth »), but some buddies of mine told me it sounded a bit megalomaniac. And it seemed to me that « Sur Cher » (meaning « on the river Cher ») would probably better show how the festival was close to our land, since we all live in Saint-Aignan-Sur-Cher, in the Cher valley, in the « Loir et Cher » region !</p>
<p>Eventually, I agreed to change the name of the festival although I feel more like I&rsquo;m a citizen of the world rather than someone definitely stuck in my own small town.</p>
<p>To go back to the beginning of the story : two years before the first festival, I had organized a gig in a bar called Le Chiquito, in Noyers-Sur-Cher, with three bands, each of them lining up a harmonica player. There were a jazz band, a blues band and a rock band. Julien Cormier played with the Kevin Texas Band, I played both with Metal (the rock band) and with the jazz workshop of the Association Mediator. We had about thirty people in the audience, the gigs were really nice, and I guess this is clearly this event that led me to think about setting up a festival.</p>
<p>The following year, I organized another gig in the same village, but now at the community hall, with Julien Cormier&rsquo;s band (« Little Bad Monkey »), featuring Benoît Felten on harp (by the way, Benoît is the founder of Planet Harmonica magazine) and Patrice Champaroux on the guitar. Believe me or not, I also got in touch with Jean-Jacques Milteau and asked him to headline at the festival. I was quite an amateur organiser at the time, and Jean-Jacques kindly referred me to the young and brilliant Greg Szlapczynski (and his quintet), who used to compose so many stunning melodies.</p>
<p>The gig was a great success, and many were turned away for lack of space. I called the event « Harmonic&rsquo;all » (= all harmonicas). But, at the time, I didn&rsquo;t know there was another festival in Condat, France, called « Les Harmonicales ». Laurent Cagnon suggested me to find another name in order to avoid any confusion, and I came up with « Harmonicas Sur Cher ».</p>
<figure id="attachment_364" aria-describedby="caption-attachment-364" style="width: 455px" class="wp-caption alignleft"><img loading="lazy" class="wp-image-364 " title="Christophe Minier, (c) Jonathan Daitch" src="http://www.planetharmonica.com/NextGen/wp-content/uploads/2017/01/ChristopheMinier-par-JonathanDaitch.jpeg" width="455" height="446" /><figcaption id="caption-attachment-364" class="wp-caption-text">Christophe Minier, (c) Jonathan Daitch</figcaption></figure>
<p>The first attempt was so  successful and rewarding that I decided to take a step forward by organizing a true festival, over two days, in a bigger venue. On the first year, the festival took place on the 1rst of may week-end, then, in 2004, on a three day bank holiday at the end of may : three days full of gigs (Thursday, Friday and Saturday), saving Sunday to ground, and go back home. Indeed, the issue is this bank holiday week-end occurs every year, but not on the same dates every year, which is a bit tricky.</p>
<p>Even if I&rsquo;m the founder of the festival, I&rsquo;ve been strongly supported over the time to make this festival happen.</p>
<p>Notably, I&rsquo;d like to highlight the Association Mediator founded by Simon Tardieu, a young, energizing and versatile person, who taught me jazz and event organisation and management. Thanks to this association, I also met people who became key members of the team over the time and who fully supported me and gave me strength when I was tired and about to give up. They are really key to the success of this festival.</p>
<p><strong>How would you describe your festival compared to others worldwide ?</strong></p>
<p>Unfortunately, I don&rsquo;t know all the harmonica festivals in the world. I knew the Harmonicales in Condat and Harmoliège in Belgium, but sadly they  had to given up.</p>
<p>I went to the Bristol festival once, in England.</p>
<p>I never attended the Trossingen festival or any other one. Of course, artists who play in different festivals usually give me some insight and their feedback concerning ours is generally very positive (all hypocrites ! :-)).</p>
<p>As far as Harmonicas Sur Cher is concerned, the goal is crystal clear : I want to get  good and nice gigs and plenty of happy people. People I&rsquo;m talking about are the audience, the artists, our staff, including myself !</p>
<p>We are lucky enough to get public grants so that we can stay independent (grants from the city of Saint-Aignan-sur-Cher, the urban community of Val de Cher &#8211; Controis, the Loire et Cher county council and the Centre region). This is very important to me. I&rsquo;ve already been offered to relocate the festival in a bigger town, to get bigger venues and sell more tickets ! I don&rsquo;t give a shit. I just want to stay in my valley and make positive stuff.</p>
<p>I also remember a guy who came to me saying he had boosted a festival in southern France, increasing the audience by thousands&#8230;I wonder where we could cram all these people&#8230; On top of that, a bigger organisation is way more difficult to manage. It&rsquo;s definitely not my thing ! What I like in this stuff is meeting people face to face, and have fun !</p>
<p><strong>How do people interact with each other when the festival is running (inhabitants, artists, festival-goers..) ?</strong></p>
<p>So far so good ! Inhabitants really love the mood of the festival. They say the festival-goers are nice, quiet and joyful. On their side, festival-goers say the villagers are welcoming and friendly, that the village is beautiful and very pleasant. Welcome to La La Land ! 🙂</p>
<p>This is very positive anyway, because our village sometimes looks like a ghost-town, where nothing happens and suddenly these aliens come in and tell us it&rsquo;s wrong ! It&rsquo;s true this small town really wakes up during the festival and believe me I would like it to be that way all along the year, for sure !</p>
<p>I have to emphasize how supportive the elected representatives are, they like our association very much, we provide a nice event and the three mayors, each in their turn, also gave us a strong support.</p>
<p>Artists gave us a hand too, as Paul Lassey for example, who composed a piece called « Saint Aignan ». Also Thierry Crommen, who took some pics of him and his musicians in the streets of the city and used them for completing one of his album artwork. I also remember a very funny Lucas Rocher’s video. Some artists became good friends over the time, like Michel Herblin, JJ Milteau or Dam Dekwak, and many others, who almost became family members.</p>
<figure id="attachment_365" aria-describedby="caption-attachment-365" style="width: 800px" class="wp-caption alignnone"><img loading="lazy" class="wp-image-365" src="http://www.planetharmonica.com/NextGen/wp-content/uploads/2017/01/Tireux2015-Christophe-Le-Toquin.jpeg" width="800" height="365" srcset="https://www.planetharmonica.com/NextGen/wp-content/uploads/2017/01/Tireux2015-Christophe-Le-Toquin.jpeg 992w, https://www.planetharmonica.com/NextGen/wp-content/uploads/2017/01/Tireux2015-Christophe-Le-Toquin-300x137.jpeg 300w, https://www.planetharmonica.com/NextGen/wp-content/uploads/2017/01/Tireux2015-Christophe-Le-Toquin-768x351.jpeg 768w" sizes="(max-width: 800px) 100vw, 800px" /><figcaption id="caption-attachment-365" class="wp-caption-text">Tireux d&rsquo;roche, (c) Christophe Le Toquin &#8211; Harmonicas sur Cher 2015</figcaption></figure>
<p><strong>How do you choose the bands to perform at the festival ? Is there some kind of expectations in terms of style, or aesthetics ?</strong></p>
<p>I actually choose the bands, mostly with the help of Julien Cormier. I also receive lots of proposals, and I stay tuned for anything I can get on the internet. By the way, I miss the former online discussion list we had on « Harmonicaland » (not the online shop which uses the same name, I know this is not prohibited but it is a bit unfair, guys), because it was far simpler and less time consuming than the forums or Facebook (okay, I’m an old fart).</p>
<p>So how do I choose ?</p>
<p>I set up a first list with all the artists that I like, those who asked me if they could play the festival and those I’ve been talked about.</p>
<p>If possible, I try to see the bands live or to chat with some mates who saw them performing.</p>
<p>Then, I draw up a shorter list of about twenty bands. Next, I have a look to musical styles, artist availability, technical stuff and of course budget.</p>
<p>At the end of the day, I come up with a list of about ten artists I finally call to tell them they’re playing the festival, and this is the nicer part of the job ! I also have to call the other ten to tell them they won’t play this year, and this is clearly a nightmare ! If I could, I’d make all my favorite bands play…</p>
<p>And having this festival only every two years make it still more difficult.</p>
<p>Toots never came, maybe Stevie Wonder one of these days…</p>
<p>We’re always looking for eclecticism and quality.</p>
<p>As many people in the festival audience, I like different kind of styles and it’s really nice to have this opportunity to listen to music we don’t usually get to know. We all could vibrate thanks to japanese, african, gipsy and Québec musics over the time, it felt like we were travelling the world.</p>
<p>As far as quality is concerned, to be honest, some band’s proposals don’t really meet our requirements so I try to make them understand, without hurting anyone, that there’s still some work to deliver before playing the festival. But it’s true there are many very good artists both in France and worldwide.</p>
<p>I’m very curious, and I like to find completely new stuff, and I’ve got lots this year !</p>
<p>I try to get on board honest and generous artists, to help new comers, to see how they’re doing and then to make them play the festival again. I try to avoid boring and nerve-racking guys, but fortunately it’s pretty rare over here.</p>
<p><strong>So, what will be the line-up and the extra events this year ?</strong></p>
<p>I really like the programme this year ! Here it is (still in progress), with the web links to artists web pages. Our own website is about to be updated (<a href="http://www.harmonicasurcher.com/" target="_blank">www.harmonicasurcher.com</a>).</p>
<p>Extra events are still in progress too, there will be for sure masterclasses, music flea market, jam sessions, exhibition, maybe harp makers, shops etc.</p>
<p><strong>Programme : 25th to 27th may 2017</strong></p>
<p><strong>Thursday 25th may, 2017 :</strong></p>
<p>6:00 pm : exhibition preview at La Prévôté, and festival grand opening.</p>
<p>8:00 pm : <strong><a href="http://www.jeromepeyrelevade.com/home-us" target="_blank">ZANELLA TRIO</a></strong> (Jazz &amp; World Music)</p>
<p>10:00 pm: <strong><a href="http://www.coryseznec.com/" target="_blank">CORY SEZNEC</a></strong> (Folk-Blues) live at the Salle Des Fêtes.</p>
<p>12:00 pm : jam session.</p>
<p><em><strong>Vendredi 26 mai 2017</strong></em></p>
<p>4:30 pm : <strong><a href="http://ellafoy.fr/" target="_blank">ELLA FOY</a></strong> (Folk-Pop) live at La Prévôté<br />
8:00 pm : <strong><a href="http://www.geraldlaroche.com/homefr.html" target="_blank">GERALD LAROCHE</a></strong> (harmonisons) live at the Salle Des Fêtes.</p>
<p><strong><a href="http://www.geraldlaroche.com/homefr.html" target="_blank"><br />
</a></strong>10:00 pm : <strong><a href="http://www.willgalison.com/" target="_blank">WILLIAM GALISON &amp; KARIM MAURICE</a> </strong>(Jazz) live at the Salle Des Fêtes.</p>
<p>12:00 pm : jam session.</p>
<p><em><strong>Samedi 27 mai 2017</strong></em></p>
<p>3:00 pm : <a href="http://manubosser.net/" target="_blank"><strong>SOUFFLES DU MONDE</strong></a> (Manu Bosser &#8211; harmo voyageur), live show at the cinema<br />
4:30 pm : <strong>JEAN SABOT &amp; LAURENT LE BOT</strong> (Trad) live at La Collégiale.<br />
6:00 pm : <strong><a href="http://www.2jsandsee.com/" target="_blank">2J&rsquo;s &amp; SEE</a></strong> (Blues), Ormeau Square<br />
8:00 pm :  <strong>LIOUANE </strong>live at the Salle Des Fêtes.</p>
<p><strong><br />
</strong>10:00 pm : <strong><a href="http://mountain-men.fr/" target="_blank">MOUNTAIN MEN</a></strong> (Blues) live at the Salle Des Fêtes.</p>
<p>12:00 pm : jam session.</p>
<p><strong>Anything else to add ?</strong></p>
<p>Come and have fun with us ! :-))</p>
