{"id":341,"date":"2017-01-08T20:21:20","date_gmt":"2017-01-08T19:21:20","guid":{"rendered":"http:\/\/www.planetharmonica.com\/NextGen\/?page_id=341"},"modified":"2017-02-12T22:36:02","modified_gmt":"2017-02-12T21:36:02","slug":"le-brodur-precious-time-2-0","status":"publish","type":"page","link":"https:\/\/www.planetharmonica.com\/NextGen\/fr\/instruments\/le-brodur-precious-time-2-0\/","title":{"rendered":"Le Brodur Precious Time 2.0"},"content":{"rendered":"<h1><strong>Le Brodur Precious Time 2.0: Les\u00a0overblows \u00e0 port\u00e9e de souffle<\/strong><\/h1>\n<p>Disponible sur www.sebcharlier.com, prix : 175 \u20ac<\/p>\n<p><img loading=\"lazy\" class=\"alignnone wp-image-349\" src=\"http:\/\/www.planetharmonica.com\/NextGen\/wp-content\/uploads\/2017\/01\/IMG_3054-300x200.jpg\" alt=\"\" width=\"500\" height=\"333\" srcset=\"https:\/\/www.planetharmonica.com\/NextGen\/wp-content\/uploads\/2017\/01\/IMG_3054-300x200.jpg 300w, https:\/\/www.planetharmonica.com\/NextGen\/wp-content\/uploads\/2017\/01\/IMG_3054.jpg 600w\" sizes=\"(max-width: 500px) 100vw, 500px\" \/><\/p>\n<p>A l&rsquo;occasion de la sortie de l&rsquo;album Precious Time 2.0, Raymond Brodur et S\u00e9bastien Charlier proposent une version sp\u00e9ciale de Golden Melody. Il s&rsquo;agit donc d&rsquo;un harmonica diatonique compl\u00e8tement refondu pour permettre le jeu chromatique fin.<\/p>\n<p>Raymond construit un nouveau sommier en bois pr\u00e9cieux et recouvre les capots d&rsquo;un film aux couleurs de l&rsquo;album.<\/p>\n<p>S\u00e9bastien r\u00e8gle les plaques d&rsquo;origine.<\/p>\n<p>Le r\u00e9sultat est un harmonica parfait au niveau jouabilit\u00e9. Le sommier\u00a0extr\u00eamement plat rend l&rsquo;harmonica extr\u00eamement \u00e9tanche aux fuites d&rsquo;air. Le r\u00e9glage des lamelles contribuent \u00e9galement \u00e0 r\u00e9duire les fuites d&rsquo;air et \u00e9vite aux lamelles de crisser lors des overblows et alt\u00e9rations.<\/p>\n<p><img loading=\"lazy\" class=\"alignnone wp-image-348\" src=\"http:\/\/www.planetharmonica.com\/NextGen\/wp-content\/uploads\/2017\/01\/IMG_3045-300x200.jpg\" alt=\"\" width=\"503\" height=\"335\" srcset=\"https:\/\/www.planetharmonica.com\/NextGen\/wp-content\/uploads\/2017\/01\/IMG_3045-300x200.jpg 300w, https:\/\/www.planetharmonica.com\/NextGen\/wp-content\/uploads\/2017\/01\/IMG_3045.jpg 600w\" sizes=\"(max-width: 503px) 100vw, 503px\" \/><\/p>\n<p>Tout cela fait que la r\u00e9ponse des lamelles est particuli\u00e8rement homog\u00e8ne sur l&rsquo;ensemble des trous et que les alt\u00e9rations sont beaucoup plus faciles \u00e0 obtenir et encore plus \u00e0 tenir. De plus, leur son est beaucoup plus mall\u00e9able (timbre, rondeur, justesse).<\/p>\n<p>Cela rend cet harmo parfait pour le jeu chromatique fin. Il rend faisable des lignes m\u00e9lodiques quasiment impossible \u00e0 faire sonner sur un harmo standard.<\/p>\n<p>Le son global est un peu plus mat que sur un Brodur tout bois.<\/p>\n<p>Son prix reste mod\u00e9r\u00e9 pour un instrument de cette qualit\u00e9. C&rsquo;est d\u00fb\u00a0au fait que les capots sont faits \u00e0 partir de ceux d&rsquo;origine \u00e0 l&rsquo;inverse des capots tout en bois fabriqu\u00e9s enti\u00e8rement par Raymond Brodur.<\/p>\n<p>A 175\u20ac, c&rsquo;est l&rsquo;instrument id\u00e9al pour aborder le jeu chromatique \u00ab\u00a0fin\u00a0\u00bb. Le rapport qualit\u00e9\/prix est tout simplement imbattable sur le crit\u00e8re jouabilit\u00e9.<\/p>\n<p><strong>Jouabilit\u00e9<\/strong>: 5\/5<br \/>\n<strong>Qualit\u00e9 des mat\u00e9riaux<\/strong>: 3\/5 (le sommier est en bois pr\u00e9cieux mais les capots ne sont pas en bois)<br \/>\n<strong>Finition<\/strong>: 4\/5<br \/>\n<strong>Son<\/strong>: 4\/5<br \/>\n<strong>Rapport qualit\u00e9\/prix<\/strong>: 5\/5<\/p>\n<p>Laurent Vigouroux<\/p>\n","protected":false},"excerpt":{"rendered":"<p class=\"text-justify mb-2\" >Le Brodur Precious Time 2.0: Les\u00a0overblows \u00e0 port\u00e9e de souffle Disponible sur www.sebcharlier.com, prix : 175 \u20ac A l&rsquo;occasion de la sortie de l&rsquo;album Precious Time 2.0, Raymond Brodur et S\u00e9bastien Charlier proposent une version sp\u00e9ciale de Golden Melody. Il s&rsquo;agit donc d&rsquo;un harmonica diatonique [&hellip;]<\/p>\n","protected":false},"author":2,"featured_media":0,"parent":28,"menu_order":0,"comment_status":"closed","ping_status":"closed","template":"","meta":[],"_links":{"self":[{"href":"https:\/\/www.planetharmonica.com\/NextGen\/wp-json\/wp\/v2\/pages\/341"}],"collection":[{"href":"https:\/\/www.planetharmonica.com\/NextGen\/wp-json\/wp\/v2\/pages"}],"about":[{"href":"https:\/\/www.planetharmonica.com\/NextGen\/wp-json\/wp\/v2\/types\/page"}],"author":[{"embeddable":true,"href":"https:\/\/www.planetharmonica.com\/NextGen\/wp-json\/wp\/v2\/users\/2"}],"replies":[{"embeddable":true,"href":"https:\/\/www.planetharmonica.com\/NextGen\/wp-json\/wp\/v2\/comments?post=341"}],"version-history":[{"count":14,"href":"https:\/\/www.planetharmonica.com\/NextGen\/wp-json\/wp\/v2\/pages\/341\/revisions"}],"predecessor-version":[{"id":801,"href":"https:\/\/www.planetharmonica.com\/NextGen\/wp-json\/wp\/v2\/pages\/341\/revisions\/801"}],"up":[{"embeddable":true,"href":"https:\/\/www.planetharmonica.com\/NextGen\/wp-json\/wp\/v2\/pages\/28"}],"wp:attachment":[{"href":"https:\/\/www.planetharmonica.com\/NextGen\/wp-json\/wp\/v2\/media?parent=341"}],"curies":[{"name":"wp","href":"https:\/\/api.w.org\/{rel}","templated":true}]}}