{"id":1921,"date":"2020-02-19T00:45:16","date_gmt":"2020-02-18T23:45:16","guid":{"rendered":"https:\/\/www.planetharmonica.com\/?page_id=1921"},"modified":"2023-10-24T23:01:31","modified_gmt":"2023-10-24T21:01:31","slug":"arkia-harmonica","status":"publish","type":"page","link":"https:\/\/www.planetharmonica.com\/NextGen\/en\/arkia-harmonica\/","title":{"rendered":"Harmonica Arkia Origin"},"content":{"rendered":"\n<h2 class=\"has-text-align-center\"><i class=\"fas fa-pencil-alt\"> <\/i><span><strong>The performances of a good custom harp for the price of a factory harp<\/strong><\/h2>\n\n\n\n<p class=\"has-text-align-center\">Available on&nbsp;<a href=\"https:\/\/www.arkia-harmonica.com\/shop\/Harmonica-A-R-K-I-A-Origin-p158078912\">www.arkia-harmonica.com<\/a> for 80\u20ac + shipping cost<\/p>\n\n\n\n<p><em>Finally a real improvement on this good old Richter diatonic harmonica design!<\/em><\/p>\n\n\n\n<figure class=\"wp-block-image\"><img loading=\"lazy\" width=\"1024\" height=\"683\" src=\"http:\/\/www.planetharmonica.com\/NextGen\/wp-content\/uploads\/2020\/02\/IMG_8792-1024x683.jpg\" alt=\"\" class=\"wp-image-1953\" srcset=\"https:\/\/www.planetharmonica.com\/NextGen\/wp-content\/uploads\/2020\/02\/IMG_8792-1024x683.jpg 1024w, https:\/\/www.planetharmonica.com\/NextGen\/wp-content\/uploads\/2020\/02\/IMG_8792-300x200.jpg 300w, https:\/\/www.planetharmonica.com\/NextGen\/wp-content\/uploads\/2020\/02\/IMG_8792-768x512.jpg 768w\" sizes=\"(max-width: 1024px) 100vw, 1024px\" \/><\/figure>\n\n\n\n<p>Playing chromatically on a diatonic harmonica thanks to bends and overblows\/draws is now common. A new generation of players is approaching the instrument as any other instrument: they learn how to produce all the notes, study music theory and improvisation far beyond the blues.<\/p>\n\n\n\n<p>But there is no factory harmonica really suited to overblows. <strong>All of them<\/strong> need some customization to unlock overblows\/draws and this customization requires a lot of effort and time, which raises the price of the instrument.<\/p>\n\n\n\n<p>These overblows ready harmonicas have been so far regular Richter diatonics with customization to compensate the instrument flaws (reeds profiling, plates flattening, etc &#8230;).<\/p>\n\n\n\n<p>The Arkia Origin is another beast. It uses reed plates and covers made by Kongsheng but a completely custom comb, designed and made by Jean-No\u00ebl Kulichenski and J\u00e9r\u00f4me Peyrelevade.<\/p>\n\n\n\n<p>J\u00e9r\u00f4me Peyrelevade (well known by Planet Harmonica readers) is one of the most advanced diatonic players in the world. He plays a versatile jazz, influenced by a lot of different musics: world music, folk, blues but also complex jazz-rock. And he plays all these musics on a diatonic in C (only). His music clearly requires an highly responsive harmonica. <br><\/p>\n\n\n\n<p>His engineering background incited him to study the impact of the airflow on the overblows\/draws and to try several new designs to improve the instrument response, helped in that adventure by Jean-No\u00ebl.<\/p>\n\n\n\n<p>This research led to a brand new comb design (called <em>Airflow Control Comb<\/em>) + an add-on piece on the reed plates (called <em>Airflow Control Plate<\/em>). Their function is to change the airflow and ease the bends and the overblows\/draws. <\/p>\n\n\n\n<figure class=\"wp-block-image\"><img loading=\"lazy\" width=\"1024\" height=\"573\" src=\"http:\/\/www.planetharmonica.com\/NextGen\/wp-content\/uploads\/2020\/02\/SchC3A9maRSS_edited-1024x573.jpg\" alt=\"\" class=\"wp-image-1988\" srcset=\"https:\/\/www.planetharmonica.com\/NextGen\/wp-content\/uploads\/2020\/02\/SchC3A9maRSS_edited-1024x573.jpg 1024w, https:\/\/www.planetharmonica.com\/NextGen\/wp-content\/uploads\/2020\/02\/SchC3A9maRSS_edited-300x168.jpg 300w, https:\/\/www.planetharmonica.com\/NextGen\/wp-content\/uploads\/2020\/02\/SchC3A9maRSS_edited-768x430.jpg 768w, https:\/\/www.planetharmonica.com\/NextGen\/wp-content\/uploads\/2020\/02\/SchC3A9maRSS_edited.jpg 1322w\" sizes=\"(max-width: 1024px) 100vw, 1024px\" \/><\/figure>\n\n\n\n<p>A basic reed gapping is also performed in factory on all the reeds and nail polish is added on some reeds to help stabilizing the overblows\/draws.<\/p>\n\n\n\n<p>Does it work? Man, it does! All the overblows come easily and the overdraws are extremely easy to obtain. 1\u00b0 and 7\u00b0 (probably the most difficult notes to produce) are particularly easy to play.<\/p>\n\n\n\n<p>The player can really shape his notes and apply vibrato on all of them.<\/p>\n\n\n\n<p>The sound of the Arkia is on the bright side. A bit too much for my taste. I prefer the sound of Arkia Signature model (which reeds are Hohner Marine ones). But it is clearly a matter of personal preferences.<\/p>\n\n\n\n<div class=\"wp-block-media-text alignwide is-stacked-on-mobile\"><figure class=\"wp-block-media-text__media\"><img loading=\"lazy\" width=\"683\" height=\"1024\" src=\"http:\/\/www.planetharmonica.com\/NextGen\/wp-content\/uploads\/2020\/02\/IMG_8796-2-683x1024.jpg\" alt=\"Arkia Overblow harmonica\" class=\"wp-image-1959 size-full\" srcset=\"https:\/\/www.planetharmonica.com\/NextGen\/wp-content\/uploads\/2020\/02\/IMG_8796-2-683x1024.jpg 683w, https:\/\/www.planetharmonica.com\/NextGen\/wp-content\/uploads\/2020\/02\/IMG_8796-2-200x300.jpg 200w, https:\/\/www.planetharmonica.com\/NextGen\/wp-content\/uploads\/2020\/02\/IMG_8796-2-768x1152.jpg 768w\" sizes=\"(max-width: 683px) 100vw, 683px\" \/><\/figure><div class=\"wp-block-media-text__content\">\n<p>This harp is clearly perfect for Chromatic playing, be it complex jazz or blues with a few overblows. It is perfectly suited to experienced players but also particularly useful for intermediate players. Any player above beginner level will benefit from having an instrument optimized for bends and overblow. They&rsquo;ll progress more quickly with such an instrument.<\/p>\n<\/div><\/div>\n\n\n\n<p><br>Here are two phrases (with extensive use of overblows), played on the Arkia Origin:<\/p>\n\n\n\n<figure class=\"wp-block-embed is-type-rich is-provider-soundcloud wp-block-embed-soundcloud wp-embed-aspect-4-3 wp-has-aspect-ratio\"><div class=\"wp-block-embed__wrapper\">\n<iframe title=\"Arkia Origin by Planet Harmonica\" width=\"500\" height=\"400\" scrolling=\"no\" frameborder=\"no\" src=\"https:\/\/w.soundcloud.com\/player\/?visual=true&#038;url=https%3A%2F%2Fapi.soundcloud.com%2Ftracks%2F1646152236&#038;show_artwork=true&#038;maxheight=750&#038;maxwidth=500\"><\/iframe>\n<\/div><\/figure>\n\n\n\n<p>The Arkia Origin clearly is the best playability\/price ratio we&rsquo;ve seen. This actually the playability of a good custom, at the price of a factory harmonica.<\/p>\n\n\n\n<p>Usual disclaimer, though: the player of course still has to master the technique. There is no magic! <\/p>\n\n\n\n<p><\/p>\n\n\n\n<p>At 80\u20ac + shipping, this harmonica is a blast.<\/p>\n","protected":false},"excerpt":{"rendered":"<p class=\"text-justify mb-2\" >The performances of a good custom harp for the price of a factory harp Available on&nbsp;www.arkia-harmonica.com for 80\u20ac + shipping cost Finally a real improvement on this good old Richter diatonic harmonica design! Playing chromatically on a diatonic harmonica thanks to bends and overblows\/draws is [&hellip;]<\/p>\n","protected":false},"author":2,"featured_media":1953,"parent":0,"menu_order":0,"comment_status":"closed","ping_status":"closed","template":"","meta":[],"_links":{"self":[{"href":"https:\/\/www.planetharmonica.com\/NextGen\/wp-json\/wp\/v2\/pages\/1921"}],"collection":[{"href":"https:\/\/www.planetharmonica.com\/NextGen\/wp-json\/wp\/v2\/pages"}],"about":[{"href":"https:\/\/www.planetharmonica.com\/NextGen\/wp-json\/wp\/v2\/types\/page"}],"author":[{"embeddable":true,"href":"https:\/\/www.planetharmonica.com\/NextGen\/wp-json\/wp\/v2\/users\/2"}],"replies":[{"embeddable":true,"href":"https:\/\/www.planetharmonica.com\/NextGen\/wp-json\/wp\/v2\/comments?post=1921"}],"version-history":[{"count":47,"href":"https:\/\/www.planetharmonica.com\/NextGen\/wp-json\/wp\/v2\/pages\/1921\/revisions"}],"predecessor-version":[{"id":2424,"href":"https:\/\/www.planetharmonica.com\/NextGen\/wp-json\/wp\/v2\/pages\/1921\/revisions\/2424"}],"wp:featuredmedia":[{"embeddable":true,"href":"https:\/\/www.planetharmonica.com\/NextGen\/wp-json\/wp\/v2\/media\/1953"}],"wp:attachment":[{"href":"https:\/\/www.planetharmonica.com\/NextGen\/wp-json\/wp\/v2\/media?parent=1921"}],"curies":[{"name":"wp","href":"https:\/\/api.w.org\/{rel}","templated":true}]}}