{"id":1536,"date":"2018-06-29T10:12:37","date_gmt":"2018-06-29T08:12:37","guid":{"rendered":"http:\/\/www.planetharmonica.com\/?page_id=1536"},"modified":"2018-06-29T16:59:10","modified_gmt":"2018-06-29T14:59:10","slug":"edito-ep-2-fr","status":"publish","type":"page","link":"https:\/\/www.planetharmonica.com\/NextGen\/fr\/edito-ep-2-fr\/","title":{"rendered":"Edito ep 2"},"content":{"rendered":"<p><strong>Planet Harmonica Saison 2 &#8211; Episode 2<\/strong><\/p>\n<p>Nous voici enfin de retour pour l\u2019\u00e9pisode 2 !<span class=\"Apple-converted-space\">\u00a0<\/span><\/p>\n<p>L\u2019\u00e9pisode 1 se concentrait principalement sur le jeu chromatique au diatonique Richter car cette approche a fait \u00e9norm\u00e9ment d\u2019\u00e9mules ces quinze derni\u00e8res ann\u00e9es et s\u2019est r\u00e9v\u00e9l\u00e9e totalement pertinente, contrairement \u00e0 ce qu\u2019on pensait \u00e0 la fin des ann\u00e9es 90. Il convenait donc de faire le point sur ce sujet majeur, et nous continuons bien entendu \u00e0 en parler car beaucoup de choses m\u00e9ritent encore d\u2019\u00eatre dites. Dans ce num\u00e9ro vous trouverez donc un article majeur de S\u00e9bastien Charlier sur la technique pour obtenir les overbends et les alt\u00e9rations. Ces informations sont le fruit d\u2019ann\u00e9es de recherche et d\u2019exp\u00e9rimentations de S\u00e9bastien et valent vraiment de l\u2019or!<\/p>\n<p>Cet \u00e9pisode 2 s\u2019ouvre \u00e9galement \u00e0 d\u2019autres sujets avec l\u2019interview du musicien inventeur Brendan Power qui a pris une approche diff\u00e9rente en inventant de nouveaux harmonicas. Brendan est \u00e9tonnant d\u2019inventivit\u00e9 et de craftmanship!!<\/p>\n<p>Nous avons \u00e9galement pens\u00e9 aux d\u00e9butants qui ne maitrisent pas encore les alt\u00e9rations. Laurent Rinaldi pr\u00e9sente comment trouver des riffs qui sonnent sans utiliser d\u2019alt\u00e9rations sur un diatonique.<\/p>\n<p>J\u00e9r\u00f4me propose quant \u00e0 lui aux harmonicistes souhaitant s\u2019aventurer dans le Jazz d\u2019aborder l\u2019improvisation sur un standard dont la grille, sans \u00eatre trop complexe, propose quelques accords qui sortent du I IV V du blues.<\/p>\n<p>Pour ma part, je dis quelques mots du site de cours en ligne pour harmonica chromatique d\u2019Yvonnick Pr\u00e9n\u00e9, du nouvel harmonica Torpedo (un harmonica r\u00e9gl\u00e9 pour les overnotes \u00e0 prix contenu) et des m\u00e9thodes de David Herzhaft.<\/p>\n<p>Notre traducteur Fran\u00e7ois Morcrette (un \u00e9norme MERCI \u00e0 lui pour son aide pr\u00e9cieuse et sa gentillesse) a \u00e9crit son premier article \u00e0 propos du dernier album de Nico Wayne Toussaint.<\/p>\n<p>Enfin, nous avons le grand plaisir d\u2019accueillir trois nouveaux r\u00e9dacteurs dans l\u2019\u00e9quipe, et pas des moindres! Andr\u00e9 Daneau et Benjamin \u00ab\u00a0Harmonica Vaudeville\u00a0\u00bb Carpentier ont apport\u00e9 leur vision outre-atlantique sur quelques critiques d\u2019album et le compagnon de longue date de l\u2019harmonica en France et dans le monde Patrice Rayon nous a fait la primeur de sa premi\u00e8re partie d\u2019interview de Joe Filisko. J\u2019esp\u00e8re que ces collaborations vont s\u2019amplifier dans le prochain num\u00e9ro.<\/p>\n<p>Comme vous le voyez, Planet Harmonica poursuit son chemin, sous le regard bienveillant de son cr\u00e9ateur Beno\u00eet. Il y a encore tant de sujets \u00e0 couvrir dans le monde de l\u2019harmonica!<\/p>\n","protected":false},"excerpt":{"rendered":"<p class=\"text-justify mb-2\" >Planet Harmonica Saison 2 &#8211; Episode 2 Nous voici enfin de retour pour l\u2019\u00e9pisode 2 !\u00a0 L\u2019\u00e9pisode 1 se concentrait principalement sur le jeu chromatique au diatonique Richter car cette approche a fait \u00e9norm\u00e9ment d\u2019\u00e9mules ces quinze derni\u00e8res ann\u00e9es et s\u2019est r\u00e9v\u00e9l\u00e9e totalement pertinente, contrairement [&hellip;]<\/p>\n","protected":false},"author":2,"featured_media":0,"parent":0,"menu_order":0,"comment_status":"closed","ping_status":"closed","template":"","meta":[],"_links":{"self":[{"href":"https:\/\/www.planetharmonica.com\/NextGen\/wp-json\/wp\/v2\/pages\/1536"}],"collection":[{"href":"https:\/\/www.planetharmonica.com\/NextGen\/wp-json\/wp\/v2\/pages"}],"about":[{"href":"https:\/\/www.planetharmonica.com\/NextGen\/wp-json\/wp\/v2\/types\/page"}],"author":[{"embeddable":true,"href":"https:\/\/www.planetharmonica.com\/NextGen\/wp-json\/wp\/v2\/users\/2"}],"replies":[{"embeddable":true,"href":"https:\/\/www.planetharmonica.com\/NextGen\/wp-json\/wp\/v2\/comments?post=1536"}],"version-history":[{"count":3,"href":"https:\/\/www.planetharmonica.com\/NextGen\/wp-json\/wp\/v2\/pages\/1536\/revisions"}],"predecessor-version":[{"id":1554,"href":"https:\/\/www.planetharmonica.com\/NextGen\/wp-json\/wp\/v2\/pages\/1536\/revisions\/1554"}],"wp:attachment":[{"href":"https:\/\/www.planetharmonica.com\/NextGen\/wp-json\/wp\/v2\/media?parent=1536"}],"curies":[{"name":"wp","href":"https:\/\/api.w.org\/{rel}","templated":true}]}}