{"id":1125,"date":"2017-12-29T22:29:15","date_gmt":"2017-12-29T21:29:15","guid":{"rendered":"http:\/\/www.planetharmonica.com\/?page_id=1125"},"modified":"2023-06-06T22:47:58","modified_gmt":"2023-06-06T20:47:58","slug":"harmo-torpedo","status":"publish","type":"page","link":"https:\/\/www.planetharmonica.com\/NextGen\/fr\/harmo-torpedo\/","title":{"rendered":"Harmo Torpedo: sp\u00e9cial overblows"},"content":{"rendered":"<h1><strong>Torpedo: un diatonique r\u00e9gl\u00e9 pour les overblows \u00e0 prix serr\u00e9<\/strong><\/h1>\n<p>Disponible sur <a href=\"http:\/\/www.harmo.com\">www.harmo.com<\/a> au prix de 89,90 $ + frais de port<\/p>\n<p><a href=\"http:\/\/www.planetharmonica.com\/NextGen\/wp-content\/uploads\/2018\/01\/IMG_5504-1.jpg\"><img loading=\"lazy\" class=\"alignleft size-large wp-image-1150\" src=\"http:\/\/www.planetharmonica.com\/NextGen\/wp-content\/uploads\/2018\/01\/IMG_5504-1-1024x683.jpg\" alt=\"\" width=\"1024\" height=\"683\" srcset=\"https:\/\/www.planetharmonica.com\/NextGen\/wp-content\/uploads\/2018\/01\/IMG_5504-1-1024x683.jpg 1024w, https:\/\/www.planetharmonica.com\/NextGen\/wp-content\/uploads\/2018\/01\/IMG_5504-1-300x200.jpg 300w, https:\/\/www.planetharmonica.com\/NextGen\/wp-content\/uploads\/2018\/01\/IMG_5504-1-768x512.jpg 768w\" sizes=\"(max-width: 1024px) 100vw, 1024px\" \/><\/a><\/p>\n<p>La technique des overblows s&rsquo;est largement diffus\u00e9e aupr\u00e8s des harmonicistes de tous niveaux. Malgr\u00e9 cela, l\u2019offre d\u2019harmonicas diatoniques adapt\u00e9s aux overblows reste inexistante chez les fabricants majeurs. Aucun d\u2019eux, ni Hohner, ni Seydel, ni Suzuki ne propose d\u2019harmonica r\u00e9ellement configur\u00e9 pour les overblows. En effet, m\u00eame si une bonne technique permet d&rsquo;obtenir les overblows sur \u00e0 peu pr\u00e8s n&rsquo;importe quel harmonica, seul un r\u00e9glage fin, fait par un humain, permet de produire un instrument r\u00e9ellement adapt\u00e9 \u00e0 un jeu chromatique fin. Ce n\u2019est pas le cas des harmonicas annonc\u00e9s comme \u00ab sp\u00e9cial overblows \u00bb par les fabricants, qui restent des instruments d\u2019usine, \u00e0 la qualit\u00e9 certes meilleure que les instruments d\u2019entr\u00e9e de gamme, mais toujours ajust\u00e9s par des machines. Du coup, le r\u00e9glage du profil et de l&rsquo;\u00e9cartement des lamelles en particulier est assez al\u00e9atoire et non adapt\u00e9 \u00e0 la production des overblows, quand on ne tombe pas carr\u00e8ment sur un instrument avec un d\u00e9faut d\u2019\u00e9tanch\u00e9it\u00e9 (comme cela a pu nous arriver dans le pass\u00e9 avec des instruments d\u2019usine).<\/p>\n<p>C\u2019est ce constat qui a donn\u00e9 l\u2019id\u00e9e et l\u2019envie \u00e0 David Herzhaft, musicien et prof d\u2019harmonica diatonique chromatisant, de lancer sa propre marque avec un mod\u00e8le sp\u00e9cial overblows nomm\u00e9 \u00ab Torpedo \u00bb. David fait fabriquer les instruments en Chine puis r\u00e8gle chaque instrument manuellement.<\/p>\n<p>D&rsquo;un point de vue mat\u00e9riaux, le Torpedo a un sommier en \u00ab\u00a0composite\u00a0\u00bb et des capots en m\u00e9tal. La plaque supportant les lamelles est assez \u00e9paisse. L&rsquo;ensemble d\u00e9gage une impression de robustesse. Les angles sont un peu aigus. Ils m\u00e9riteraient d&rsquo;\u00eatre adoucis pour plus de confort.<\/p>\n<p>Sans d\u00e9voiler des secrets de fabrique, quand on ouvre l\u2019instrument on peut observer des marques claires de customisation, en particulier \u00e0 la base des lamelles. Il semble aussi que la courbure des lamelles ait \u00e9t\u00e9 modifi\u00e9e pour que seul le bout s&rsquo;\u00e9carte du plan de la plaque.<\/p>\n<p><a href=\"http:\/\/www.planetharmonica.com\/NextGen\/wp-content\/uploads\/2018\/01\/IMG_5633.jpg\"><img loading=\"lazy\" class=\"size-large wp-image-1156 aligncenter\" src=\"http:\/\/www.planetharmonica.com\/NextGen\/wp-content\/uploads\/2018\/01\/IMG_5633-720x1024.jpg\" alt=\"\" width=\"720\" height=\"1024\" srcset=\"https:\/\/www.planetharmonica.com\/NextGen\/wp-content\/uploads\/2018\/01\/IMG_5633-720x1024.jpg 720w, https:\/\/www.planetharmonica.com\/NextGen\/wp-content\/uploads\/2018\/01\/IMG_5633-211x300.jpg 211w, https:\/\/www.planetharmonica.com\/NextGen\/wp-content\/uploads\/2018\/01\/IMG_5633-768x1093.jpg 768w, https:\/\/www.planetharmonica.com\/NextGen\/wp-content\/uploads\/2018\/01\/IMG_5633.jpg 1785w\" sizes=\"(max-width: 720px) 100vw, 720px\" \/><\/a><\/p>\n<p>Les premiers notes jou\u00e9es sur l\u2019exemplaire que j\u2019ai achet\u00e9 r\u00e9v\u00e8lent un instrument bien \u00e9tanche, au son assez puissant. Les overblows viennent facilement avec une mention sp\u00e9ciale au trou 1 et aux overdraws (toujours d\u00e9licats \u00e0 r\u00e9gler) et un b\u00e9mol sur le trou 5 qui manque d\u2019\u00e9tanch\u00e9it\u00e9. Point tr\u00e8s important, les overblows peuvent \u00eatre tenus longtemps, m\u00eame en appliquant un vibrato et en jouant sur le volume. Il reste toutefois un peu de \u00ab\u00a0souffle\u00a0\u00bb. Je d\u00e9cide donc de r\u00e9gler l&rsquo;\u00e9cartement des lamelles plus serr\u00e9 sur les trous 4, 5 et 6. L&rsquo;op\u00e9ration se fait sans probl\u00e8me, il est d&rsquo;ailleurs \u00e9tonnant de constater combien la courbure des lamelles permet de r\u00e9gler un \u00e9cartement tr\u00e8s faible sans bloquer la note. Le r\u00e9sultat est tr\u00e8s bon: le souffle a quasiment disparu et le trou 5 retrouve une bonne \u00e9tanch\u00e9it\u00e9.<\/p>\n<p>Le son de l\u2019instrument est tr\u00e8s brillant. Un peu trop pour moi qui suis habitu\u00e9 aux harmonicas tout en bois de Raymond Brodur. Mais ceci est une pure question de go\u00fbt.<\/p>\n<p>En conclusion, le Torpedo nous semble parfaitement r\u00e9pondre \u00e0 son cahier des charges: il s\u2019agit d\u2019un instrument au prix contenu qui permet r\u00e9ellement de jouer chromatiquement \u00ab out of the box \u00bb. Libre ensuite \u00e0 chacun d\u2019adapter le r\u00e9glage \u00e0 son go\u00fbt\/son jeu (\u00e9cartement des lamelles plus ou moins ouvert).<\/p>\n<p><strong>Jouabilit\u00e9<\/strong>: 4\/5<\/p>\n<p><strong>Qualit\u00e9 des mat\u00e9riaux<\/strong>: 3\/5 (capots en m\u00e9tal)<\/p>\n<p><strong>Finition<\/strong>: 3\/5<\/p>\n<p><strong>Son<\/strong>: 3\/5 (question de go\u00fbt)<\/p>\n<p><strong>Rapport Qualit\u00e9\/Prix<\/strong>: 5\/5<\/p>\n<p>Laurent Vigouroux<\/p>\n","protected":false},"excerpt":{"rendered":"<p class=\"text-justify mb-2\" >Torpedo: un diatonique r\u00e9gl\u00e9 pour les overblows \u00e0 prix serr\u00e9 Disponible sur www.harmo.com au prix de 89,90 $ + frais de port La technique des overblows s&rsquo;est largement diffus\u00e9e aupr\u00e8s des harmonicistes de tous niveaux. Malgr\u00e9 cela, l\u2019offre d\u2019harmonicas diatoniques adapt\u00e9s aux overblows reste inexistante [&hellip;]<\/p>\n","protected":false},"author":2,"featured_media":0,"parent":0,"menu_order":0,"comment_status":"closed","ping_status":"closed","template":"","meta":[],"_links":{"self":[{"href":"https:\/\/www.planetharmonica.com\/NextGen\/wp-json\/wp\/v2\/pages\/1125"}],"collection":[{"href":"https:\/\/www.planetharmonica.com\/NextGen\/wp-json\/wp\/v2\/pages"}],"about":[{"href":"https:\/\/www.planetharmonica.com\/NextGen\/wp-json\/wp\/v2\/types\/page"}],"author":[{"embeddable":true,"href":"https:\/\/www.planetharmonica.com\/NextGen\/wp-json\/wp\/v2\/users\/2"}],"replies":[{"embeddable":true,"href":"https:\/\/www.planetharmonica.com\/NextGen\/wp-json\/wp\/v2\/comments?post=1125"}],"version-history":[{"count":30,"href":"https:\/\/www.planetharmonica.com\/NextGen\/wp-json\/wp\/v2\/pages\/1125\/revisions"}],"predecessor-version":[{"id":2201,"href":"https:\/\/www.planetharmonica.com\/NextGen\/wp-json\/wp\/v2\/pages\/1125\/revisions\/2201"}],"wp:attachment":[{"href":"https:\/\/www.planetharmonica.com\/NextGen\/wp-json\/wp\/v2\/media?parent=1125"}],"curies":[{"name":"wp","href":"https:\/\/api.w.org\/{rel}","templated":true}]}}